hen b is divided by a?
24
Let d(l) be the second derivative of l**5/20 - l**4/3 + 2*l**3/3 - l**2/2 + l. Let g be d(3). What is the remainder when (2/(-3))/(g/(-168)) is divided by 15?
11
Suppose -211 = a + 2*a + k, 0 = -a - 2*k - 62. What is the remainder when (20/(-12))/(4/a) is divided by 16?
14
Let f(b) be the first derivative of -3*b**2 - 5*b + 14. Calculate the remainder when 53 is divided by f(-2).
4
Suppose -4*t + 2*j = -176 - 58, 2*t - 2*j - 122 = 0. Suppose 0 = -72*n - 86 + 1454. Calculate the remainder when t is divided by n.
18
Let y = 58 - -7. Let m be (-2537)/(-430) - (-3)/30. Suppose -m*s = -11*s + y. What is the remainder when s is divided by 4?
1
Calculate the remainder when (5940/(-100))/(3/(-10)) is divided by 20.
18
Suppose -r + 3*v + 27 = -0*r, 0 = -v - 2. Suppose -3*j = j + f - 51, -3*j = -5*f - r. Let b = j - -23. What is the remainder when b is divided by 19?
16
Suppose -6*l - 63 = -21. Let q(f) = -f**3 - 9*f**2 - 7*f - 15. Let a be q(l). Let j = -28 - a. What is the remainder when j is divided by 10?
6
Let x = 9 + -9. Suppose 5*c - 11 = 4*w, x*c + 2*c - 6 = 2*w. Calculate the remainder when 129 is divided by -6 + 2 + (-37)/c.
30
Suppose p - 2 - 3 = 0. Suppose -4*w + 10 = -5*w - p*b, 2*b = -6. What is the remainder when 8 is divided by w?
3
Let d(u) = -15*u + 28. Calculate the remainder when d(-7) is divided by 17.
14
Let i = -27 - -40. Let l = i - 7. Suppose o - 2*r + l*r - 20 = 0, -21 = -o - 5*r. Calculate the remainder when o is divided by 4.
0
Let p = 452 - 431. What is the remainder when 125 is divided by p?
20
Let f(x) = 1. Let r(d) = d + 8. Let s(t) = -4*f(t) + 2*r(t). Calculate the remainder when s(14) is divided by 22.
18
Let n(l) = -l**2 + 6*l - 3. Suppose -8 + 2 = -3*t. What is the remainder when 7 is divided by n(t)?
2
Suppose 0 = -a - 3, 3*a + 4 = 3*s - 23. What is the remainder when 1/(-1 - (-140)/136) is divided by s?
4
Let q(x) = -x - 1. Let y(h) = 9*h - 19. Let n(s) = 4*q(s) - y(s). Calculate the remainder when n(-6) is divided by 24.
21
Suppose -2*p = 2*p - 16. Suppose p*y = 55 + 61. What is the remainder when 338/3 - 2/(-6) is divided by y?
26
Let d be (-1 - (-26)/6)*12/(-10). Let v = 205 - 136. What is the remainder when v is divided by (4 - (6 + 4))*d?
21
Suppose k = -r + 268, 2*r - 137 - 401 = -4*k. Suppose -q - r = -4*q. Suppose 15 - 38 = -b. What is the remainder when q is divided by b?
20
Let w(u) = -6*u + 19. Let g be (0 + 0)/(-3 - 0). Calculate the remainder when 51 is divided by w(g).
13
Suppose -2*z = k + 48 - 19, 4*z - 8 = 0. Let d = k + 44. What is the remainder when 43 is divided by d?
10
Let n = 379 + -344. Calculate the remainder when n is divided by 11.
2
Suppose 484 = -5*u + 599. What is the remainder when 91 is divided by u?
22
Suppose -4*z + 59 = -1. What is the remainder when 66/8*2180/327 is divided by z?
10
Let d(f) = -6*f. Let c be d(7). Let i = c - -69. Let b = -4 + i. Calculate the remainder when 67 is divided by b.
21
Suppose 2*k + 18 = 2*b - 2*k, k = 2*b - 27. What is the remainder when 38 is divided by b?
8
Suppose -2*l + 333 = 5*o - 0*l, -273 = -4*o + 5*l. Let d = 99 - o. Calculate the remainder when 62 is divided by d.
30
Suppose -5*m + m = -16. Let b = 59 - 56. Suppose -o = b*o - 5*c - 20, -4*o + 20 = -2*c. Calculate the remainder when o is divided by m.
1
Let b = 136 + -90. Let d = b + -33. Let f(j) = j**2 + 9*j + 13. What is the remainder when f(-10) is divided by d?
10
Suppose 0 = -53*n - 2*n + 6050. Calculate the remainder when n is divided by 14.
12
Calculate the remainder when 210 is divided by (23 - 2)*54/21.
48
Let u be 18/4*2/(-3). Let q be 1368/(-27) + 1/u. Let m = q + 118. Calculate the remainder when m is divided by 23.
21
Let r(y) = y**3 - y**2 + 2*y + 2. Suppose -2*j = -5*g + j + 10, -5*j + 10 = 5*g. What is the remainder when 39 is divided by r(g)?
9
Let u = -188 - -219. What is the remainder when 182 is divided by u?
27
Let x be (-5)/(-2) + 18/12. Calculate the remainder when 64 is divided by x/(-18) - (-200)/9.
20
What is the remainder when (-1518)/(-15) + (-9)/45 is divided by 15?
11
Let w(u) = -5*u + 4. Let m be w(-1). Calculate the remainder when 440/6 - (-4 - (-30)/m) is divided by 11.
8
Let x(k) = -k**3 + 3*k**2 - 3*k + 9. What is the remainder when x(0) is divided by 9?
0
Let z(j) = 8*j + 11. Let g = 14 + -10. Suppose -2*l = 2*l + g, -4*l - 104 = -5*s. Calculate the remainder when s is divided by z(0).
9
Let p = 12 - -3. Let d(m) = 15*m - 6. Let n be d(3). Suppose 0 = 3*w - g - p, -5*g = 4*w - 0*g - n. Calculate the remainder when 16 is divided by w.
4
Suppose 0 = 2*i - 33 - 11. Suppose 14 = 6*a - i. What is the remainder when 77 is divided by a?
5
What is the remainder when 105 is divided by 1*9 + -10 + 15?
7
Suppose -3 = -3*k, -3*g + 4*k = -6 - 17. Suppose u + 1 - 3 = 0. Suppose -4*y = -2*z - 14, -5*z + 2*z - g = -u*y. Calculate the remainder when 4 is divided by y.
1
Let y(c) = 8*c**2 - c - 2. Let h(u) = 9*u**2 - u - 1. Let z(g) = 6*h(g) - 7*y(g). Let q be z(4). Calculate the remainder when 59 is divided by (25/q)/(1/(-12)).
14
Suppose -2*d = -w + 5, 3*w = -5*d + 1 + 3. Suppose 6*b = 3*b - 2*v + 17, -4*b + 2*v + 4 = 0. What is the remainder when b + d + (107 - 2) is divided by 27?
26
Let a(n) = 2*n**3 + 33*n**2 - 21*n - 38. What is the remainder when 417 is divided by a(-17)?
27
Let z(m) = 40*m**2 - 12*m + 4. Calculate the remainder when z(-5) is divided by 89.
85
Suppose -z = -264 + 249. Calculate the remainder when 154 is divided by z.
4
Suppose 2*h + 720 = 6*h. Let b = -54 + h. What is the remainder when b is divided by 32?
30
Calculate the remainder when (7 - 4 - 6) + (-112)/(-1) is divided by 41.
27
What is the remainder when -2 + 25 + -2 + 3 is divided by (84/18)/(-2*(-3)/9)?
3
Let o be ((-230)/15)/(3/9). Let r = o + 51. Calculate the remainder when 9 is divided by r.
4
Let a(u) = 4*u**3 - 27*u**2 - 3*u - 14. Calculate the remainder when 173 is divided by a(7).
5
Suppose -g = -t + g + 9, 5*g - 75 = -4*t. Let k = t + -15. Suppose k = -0*r + 5*r - 100. What is the remainder when r is divided by 8?
4
Let n be (-10)/(-5 + 0) + 270. Suppose -14*h + n = 3*h. Calculate the remainder when 58 is divided by h.
10
What is the remainder when (5 + 1)/((-3)/(-2)) is divided by (-8)/8 - ((-6)/3 - 2)?
1
Suppose o - 18 = -o. Let b be (-2)/5 + (-170)/(-50). Calculate the remainder when (-1 + 4)*16/b is divided by o.
7
Suppose 0*c = c - 9. Let d be 114/(-133)*(-70)/2. Suppose 4*f = -3*g + d, 4*f - 6*f = -5*g + 24. Calculate the remainder when c is divided by g.
3
Suppose 0*o + 41 = 4*o + 5*s, -o - 11 = -3*s. Suppose o*z = -4*g + 632, 0*g = 5*z + g - 770. Calculate the remainder when z is divided by 13.
10
Let y = 117 - 95. Let c = 35 - 21. What is the remainder when y is divided by c?
8
Let s = 8 - 6. Suppose -v - s = 30. Let y = 18 - v. What is the remainder when y is divided by 13?
11
Let s(o) = o**3 - 8*o**2 + 13*o - 10. Let p be s(6). Suppose -a + 56 = a. What is the remainder when 4 is divided by (p/(-7))/(a/98)?
0
Let b = 11 + -4. Let n(q) = -3*q**2 + q - 5. Let d be n(2). Let y = d - -17. What is the remainder when b is divided by y?
1
Let u(i) = 3*i + 4. Let q be u(7). Suppose -4*a + 19 = -q. Calculate the remainder when ((-24)/72)/(2/(-186)) is divided by a.
9
What is the remainder when 178 is divided by ((-1032)/(-215))/((-4)/(-30))?
34
Let j(r) = r**2 - 4*r - 4. Let d be j(4). Calculate the remainder when 54/8 - 1/d is divided by (1/(-2) + 0)*-8.
3
Suppose -3*l - 22 = -4*l + 3*t, 4*l - 36 = -t. Let k(a) = a**3 - 11*a**2 + 15*a - 3. What is the remainder when 92 is divided by k(l)?
45
What is the remainder when (-2784)/(-27) - 16/144 is divided by 27?
22
Suppose 0 = -2*t - 3*t - 35. Let i be (1 - t) + (1 - 0). What is the remainder when 21 is divided by ((-3)/(i/(-66)))/2?
10
Suppose 431 = 15*p - 109. Calculate the remainder when p is divided by 18.
0
Let q(u) be the third derivative of 10*u**2 + 0 + 1/6*u**3 - 1/60*u**5 + 0*u - 1/4*u**4. Calculate the remainder when 19 is divided by q(-3).
9
What is the remainder when 22 - 23 - (-166 + -1) is divided by 45?
31
Suppose -w + 510 = 5*w. Suppose 3*o = -19 + w. What is the remainder when o is divided by 6?
4
Suppose 0 = 5*v - r - 145, -2*r + 5*r = 0. Suppose 2*g - 11 = -3*u, 0 = -6*g + 3*g + 2*u +